ide 2249819?
False
Is 949597 a multiple of 173?
True
Is 105 a factor of 140982?
False
Is 10 a factor of 527380?
True
Is 22 a factor of 89425?
False
Is 96 a factor of 2627040?
True
Does 11 divide 2632652?
True
Is 424 a factor of 179776?
True
Is 511458 a multiple of 46?
False
Is 14 a factor of 1305471?
False
Is 66 a factor of 64018?
False
Is 58825 a multiple of 25?
True
Does 269 divide 931009?
True
Is 11235868 a multiple of 19?
False
Does 40 divide 981997?
False
Is 90 a factor of 52740?
True
Does 3 divide 14315?
False
Does 7 divide 2050274?
False
Does 24 divide 55224?
True
Is 33 a factor of 320184?
False
Is 42 a factor of 39009?
False
Is 10 a factor of 3665180?
True
Does 5 divide 9793240?
True
Does 63 divide 2288796?
False
Is 4229427 a multiple of 7?
False
Does 82 divide 384416?
True
Is 21 a factor of 15562?
False
Is 4560454 a multiple of 11?
False
Is 1402226 a multiple of 28?
False
Does 5 divide 53891?
False
Is 1112867 a multiple of 72?
False
Is 28 a factor of 12149200?
True
Is 482022 a multiple of 61?
True
Does 142 divide 433384?
True
Is 1146366 a multiple of 414?
True
Does 478 divide 2019999?
False
Does 4 divide 2879825?
False
Is 710055 a multiple of 20?
False
Does 74 divide 539194?
False
Does 262 divide 59474?
True
Is 17 a factor of 18672?
False
Is 1623293 a multiple of 43?
True
Is 113628 a multiple of 102?
True
Is 7 a factor of 47364?
False
Is 5430828 a multiple of 1123?
True
Is 21449 a multiple of 4?
False
Is 83667 a multiple of 5?
False
Is 13768829 a multiple of 155?
False
Is 595 a factor of 271915?
True
Is 1932593 a multiple of 47?
True
Does 3 divide 90144?
True
Is 26 a factor of 2733796?
True
Is 31 a factor of 1302403?
True
Does 583 divide 5576419?
False
Does 20 divide 860740?
True
Does 416 divide 712608?
True
Is 13 a factor of 687999?
True
Does 67 divide 235423?
False
Is 15637 even?
False
Is 424 a factor of 1473400?
True
Does 27 divide 7515747?
True
Does 3 divide 893250?
True
Is 39771 a multiple of 27?
True
Is 997 a factor of 3486800?
False
Does 44 divide 143528?
True
Is 105 a factor of 473130?
True
Is 936605 a multiple of 19?
True
Is 66213 a multiple of 7?
True
Does 13 divide 18161?
True
Is 1500 a factor of 6184398?
False
Is 4424707 a multiple of 108?
False
Does 16 divide 3031993?
False
Does 60 divide 3068940?
True
Is 62 a factor of 41106?
True
Is 473 a factor of 6026580?
False
Is 1619 a factor of 9087856?
False
Is 927 a multiple of 9?
True
Is 116280 a multiple of 30?
True
Does 85 divide 825520?
True
Is 20460260 a multiple of 205?
False
Is 17 a factor of 200481?
True
Does 111 divide 1686534?
True
Is 84 a factor of 1463272?
False
Is 623370 a multiple of 30?
True
Is 49119 a multiple of 21?
True
Is 6 a factor of 374226?
True
Is 181592 a multiple of 14?
False
Is 58320 a multiple of 81?
True
Is 500 a factor of 320756?
False
Does 21 divide 538878?
False
Does 5 divide 718020?
True
Is 25498 even?
True
Is 10 a factor of 646470?
True
Does 5 divide 15826190?
True
Does 9 divide 600398?
False
Is 14375136 a multiple of 48?
True
Is 335 a factor of 1589575?
True
Is 124080 a multiple of 44?
True
Does 195 divide 12462840?
True
Is 155 a factor of 402332?
False
Is 14 a factor of 2205394?
False
Is 16 a factor of 2129449?
False
Is 2 a factor of 6599?
False
Is 588 a factor of 184136?
False
Does 225 divide 230175?
True
Does 45 divide 525510?
True
Is 243417 a multiple of 126?
False
Is 97006 a multiple of 14?
True
Is 75 a factor of 127957?
False
Is 32 a factor of 1535456?
True
Does 1059 divide 3855819?
True
Does 117 divide 32921?
False
Is 118064 a multiple of 16?
True
Is 17 a factor of 249676?
False
Is 1368626 a multiple of 58?
True
Is 76 a factor of 193876?
True
Does 26 divide 6381674?
True
Is 140043 even?
False
Is 612010 a multiple of 70?
True
Does 67 divide 592164?
False
Is 58 a factor of 2364726?
False
Does 19 divide 15023775?
True
Is 141 a factor of 2325231?
True
Does 314 divide 502770?
False
Does 419 divide 12405752?
True
Is 100 a factor of 2442280?
False
Is 5581032 a multiple of 204?
True
Does 111 divide 353313?
True
Is 1830 a multiple of 30?
True
Does 785 divide 9098150?
True
Is 557280 a multiple of 324?
True
Is 50 a factor of 736493?
False
Does 45 divide 182610?
True
Does 571 divide 1681024?
True
Is 12 a factor of 292913?
False
Is 1387008 a multiple of 354?
False
Is 183 a factor of 27213?
False
Does 30 divide 232410?
True
Is 105230 a multiple of 61?
False
Is 22569 a multiple of 6?
False
Does 41 divide 3890900?
True
Does 16 divide 4594753?
False
Is 3 a factor of 25472?
False
Does 247 divide 2353338?
False
Is 190 a factor of 721073?
False
Is 171 a factor of 685527?
False
Is 173 a factor of 2246432?
False
Is 3128853 a multiple of 28?
False
Is 323 a factor of 185992?
False
Is 13 a factor of 294086?
True
Is 313227 a multiple of 3?
True
Is 8501 a multiple of 13?
False
Does 339 divide 95000?
False
Is 151110 a multiple of 138?
True
Is 2688818 even?
True
Does 22 divide 1342011?
False
Does 4 divide 1230?
False
Does 83 divide 188863?
False
Is 1201935 a multiple of 581?
False
Is 529 a factor of 542672?
False
Is 175337 a multiple of 13?
False
Is 4 a factor of 2549?
False
Does 11 divide 668?
False
Is 6620376 a multiple of 56?
True
Is 28376 a multiple of 25?
False
Is 1873196 a multiple of 346?
False
Does 21 divide 464646?
True
Does 145 divide 226055?
True
Does 515 divide 21245174?
False
Is 29499 a multiple of 22?
False
Is 1278105 a multiple of 96?
False
Is 51 a factor of 183409?
False
Is 691580 a multiple of 20?
True
Does 42 divide 480717?
False
Is 1696 a factor of 10825568?
True
Is 152574 a multiple of 337?
False
Does 57 divide 597075?
True
Is 16 a factor of 37897?
False
Is 29 a factor of 20747166?
False
Does 79 divide 442178?
False
Does 69 divide 1251384?
True
Does 52 divide 721240?
True
Is 47 a factor of 12784?
True
Does 6 divide 508074?
True
Does 46 divide 746902?
True
Does 16 divide 1954886?
False
Is 356 a factor of 287927?
False
Does 7 divide 1124704?
True
Is 398 a factor of 182682?
True
Is 205480 a multiple of 20?
True
Is 29 a factor of 786559?
False
Does 28 divide 1063705?
False
Is 312 a factor of 195886?
False
Is 188 a factor of 456212?
False
Is 159410 a multiple of 22?
False
Does 17 divide 2851155?
True
Is 320 a factor of 1288195?
False
Does 15 divide 29171?
False
Is 359 a factor of 563271?
True
Is 6238542 a multiple of 12?
False
Is 328 a factor of 272240?
True
Is 234 a factor of 33450?
False
Is 38168 a multiple of 4?
True
Is 4 a factor of 35718?
False
Does 52 divide 2248272?
True
Does 940 divide 10032104?
False
Is 346989 a multiple of 111?
False
Is 226 a factor of 12188935?
False
Does 97 divide 5655457?
False
Is 270 a factor of 1705320?
True
Is 113874 a multiple of 17?
False
Is 211898 a multiple of 12?
False
Is 360905 a multiple of 7?
False
Is 19 a factor of 4545321?
False
Is 21 a factor of 3302161?
False
Is 211 a factor of 271346?
True
Does 6 divide 8242?
False
Is 157 a factor of 241373?
False
Does 8 divide 5518872?
True
Does 78 divide 137718?
False
Is 92 a factor of 14877044?
True
Is 701 a factor of 584926?
False
Is 184121 a multiple of 3?
False
Is 13788 a multiple of 2?
True
Is 7 a factor of 348740?
True
Is 338 a factor of 11279736?
True
Is 770068 a multiple of 251?
True
Does 52 divide 311101?
False
Does 6 divide 4681?
False
Does 87 divide 257955?
True
Does 13 divide 2439782?
False
Is 1242 a factor of 1210950?
True
Does 65 divide 1431950?
True
Does 142 divide 708731?
False
Does 30 divide 9234682?
False
Is 34052 a multiple of 24?
False
Is 191142 a multiple of 222?
True
Is 105012 a multiple of 4?
True
Is 311 a factor of 3780516?
True
Is 296 a factor of 5816696?
True
Is 137156 a multiple of 68?
True
Is 244 a factor of 419402?
False
Does 18 divide 106115?
False
Is 16 a factor of 92158?
False
Is 6580 a multiple of 47?
True
Is 50426 a multiple of 241?
False
Is 5215315 a multiple of 13?
False
Is 2 a factor of 50384?
True
Is 19 a factor of 59926?
True
Is 146055 a multiple of 105?
True
Does 11 divide 547833?
True
Is 61 a factor of 364834?
False
Is 6 a factor of 199640?
False
Is 1083798 a multiple of 5?
False
Is 325369 a multiple of 108?
False
Is 3692 a multiple of 39?
False
Does 173 divide 2355906?
False
Is 504063 a multiple of 139?
False
Does 38 divide 84415?
False
Does 30 divide 41940?
True
Does 390 divide 128362?
False
Does 3 divide 1092629?
False
Does 